t of b?
2
Suppose 3*o + 2018 = 4*q + 9259, 3*q = 2*o - 4829. What is the units digit of o?
7
Suppose -1843*d - 975 = -1848*d. What is the hundreds digit of d?
1
Suppose 2*d = 764 + 1284. What is the tens digit of d?
2
Suppose -67*d = -73*d + 1998. What is the units digit of d?
3
Let i be 6/6*(-1 + 1). Suppose m - 337 = -0*h - 2*h, -2*h - 2*m + 342 = i. What is the tens digit of h?
6
Suppose -40 = 7*s - 6*s. Let z = s + 84. What is the tens digit of z?
4
Let o = -24 - -27. Suppose -3*l + 2*i - 9 = -57, -i = -o*l + 48. What is the units digit of l?
6
Let j be (-1476)/(-30) + 1/(-5). Let t = -30 + j. What is the tens digit of t?
1
Let a = -104 - -318. Let q be a/(-7) - (-16)/28. Let k = 69 + q. What is the tens digit of k?
3
Let t = -842 - -866. What is the units digit of t?
4
Let h(t) = 2*t**2 - 3*t - 5. Suppose 11*r + 55 - 11 = 0. What is the units digit of h(r)?
9
Suppose -5*t - 10 = 0, t = -3*c - t + 917. Suppose -6*z - 317 = -z - u, 5*z + 4*u = -c. Let j = -45 - z. What is the tens digit of j?
1
What is the units digit of (-16)/(-168) + 577056/252?
0
Let r(v) = v + 9. Suppose 2*w - 25 = 7*w. Let f be r(w). Suppose -4*g + 12 = -3*g - 3*l, f*g + 3*l - 123 = 0. What is the tens digit of g?
2
What is the units digit of 414/(-5)*430/(-129)?
6
Let c(d) = 4*d**2 + 38*d + 19. What is the tens digit of c(-17)?
2
What is the units digit of 4054 - 36/((-48)/12)?
3
Let h(y) = y**3 + 10*y**2 - y - 7. Let x be h(-10). Suppose -9 = -x*c + 12. Suppose -t = 0, -2*b - 3*t + 52 = -c*t. What is the tens digit of b?
2
Let h = -199 + 3106. What is the tens digit of h?
0
Let w be (6 - -3)*2/3. Suppose -w*x + 66 + 234 = 0. What is the tens digit of x?
5
Let b(q) = -q**3 - 3*q**2 + 5*q + 3. Let x be b(-4). What is the tens digit of -1*(0 + x + (-2 - 10))?
1
Suppose -34*b + 39*b - 705 = 0. What is the tens digit of b?
4
Suppose -4900 = -5*x + 5*h, -4*x + h = -1637 - 2283. What is the tens digit of x?
8
Suppose 0*l = 4*l - 12. Let d = 65 + l. What is the tens digit of d?
6
Let y be (-51)/(-15) - (-5)/((-50)/(-6)). Suppose -i + 59 = -y. What is the tens digit of i?
6
Let z(k) = 874*k + 161. What is the units digit of z(2)?
9
Let u(x) = -x**2 - 7*x + 9. Let l be u(-8). What is the hundreds digit of l/(-4) + 2*(-930)/(-16)?
1
Suppose -7*k + 685 + 981 = 0. What is the units digit of k?
8
Let n = -6 + 18. Suppose -5*w + n = 7. What is the units digit of w?
1
Let t be 1 - (3 + -1 + -3). Suppose 1 = -i + t*i. Suppose 2*c + 7 = -n + 23, 5*n = -c - i. What is the units digit of c?
9
Let y(k) = -k**3 + 10*k**2 - 10*k + 4. Let w be y(8). Let h = w + -6. What is the units digit of h?
6
Let s = 15 - 11. What is the units digit of s + -1 + (-480)/(-16)?
3
Suppose 3*w + m - 17 = 2*m, -5*m - 25 = 0. Suppose w*n - 53 = -5*h + 97, 5*h - 150 = -3*n. What is the tens digit of h?
3
Let r(l) = -7*l**2 - 10*l - 2. Let q(m) = m**2 + 1. Let f(i) = 5*q(i) + r(i). Let x(n) be the first derivative of f(n). What is the units digit of x(-8)?
2
Suppose 2*q = 5*z + 5*q - 13, 2*z - 3*q = 22. Suppose 2*f + 4*j - 55 = 5*j, 5*f - 130 = z*j. What is the units digit of f?
9
Let f = 793 - 755. What is the tens digit of f?
3
Let r be 1*2*36/(-8). Let j = 10 + r. Let n = j + 30. What is the tens digit of n?
3
Suppose -3*d + 34 + 26 = 0. Suppose -3*s = 5 - d. Let g = 8 + s. What is the units digit of g?
3
Let q(r) = -r**3 + 10*r**2 + 28*r - 1. Let k = 10 - -2. What is the units digit of q(k)?
7
Suppose -5*g + 15 = -0*g. Suppose 5*l + 64 = 4*v, 5*l - 126 = -4*v - 22. Suppose 0*j - 3*j + z + 6 = 0, -g*z + v = 4*j. What is the units digit of j?
3
Let d(p) = -p**2 - 14*p + 10. Suppose 5*k + 0*s = -s + 240, -3*k + 144 = -3*s. Suppose -5*m + n = k, 2*n + 5 - 1 = 0. What is the units digit of d(m)?
0
Let p = -75 + 297. Let w = p + -132. Let u = w - 63. What is the units digit of u?
7
Let g(i) = i - 208. Let b be g(0). Let l be ((-6)/(-4))/((-6)/b). Let y = -33 + l. What is the units digit of y?
9
Suppose -42*v = -39*v - 1629. What is the tens digit of v?
4
Let p(f) = 6*f**2 + 30*f + 19. Let z(c) = c**2 + 6*c + 4. Let k(m) = 2*p(m) - 11*z(m). Let y be k(6). Let s = 17 - y. What is the units digit of s?
3
Suppose 2*j = 140 + 74. What is the hundreds digit of j?
1
Let a be 27/9 + (0 - 1). Suppose 0 = a*d - 4*d + 80. Suppose -3*i + 42 = 3*s, 2*s - i - d = -0*i. What is the units digit of s?
8
Suppose 7*d - 3*d - 15 = l, 0 = 4*d + 3*l - 19. Suppose 3*f = d*f - 40. Let n = -24 + f. What is the units digit of n?
6
Suppose -12*t = 26*t - 44232. What is the thousands digit of t?
1
Let k(v) = 5*v**3 - 32*v**2 + 40*v - 19. Let o(j) = -2*j**3 + 16*j**2 - 20*j + 10. Let x(g) = 3*k(g) + 7*o(g). What is the units digit of x(-17)?
4
Let p be 0/(4 + (0 - 1)). Suppose p = -3*u + 6*u - 36. What is the tens digit of u?
1
Let w(s) = -s**3 + 10*s**2 - 13*s + 6. Suppose 8 + 19 = 3*h. Let v be w(h). What is the tens digit of ((-21)/(-6))/((-3)/v)?
3
Suppose -3*b = 5*h - 338 - 146, -2*h + 181 = -3*b. Let u = h - -6. What is the units digit of u?
1
Suppose 0 = 8*q - 845 - 227. What is the tens digit of q?
3
What is the thousands digit of (-12)/(33/11) + 2422?
2
Suppose 2*b - 96 = 84. Let a = b - 4. What is the tens digit of a?
8
Suppose 5*m = 3*m - 4*w + 6, -m - 3 = -4*w. Suppose 3*l + m = 7. Suppose -l*b + 5 = -71. What is the units digit of b?
8
Let f(i) = -5*i + 57. Suppose -4*y = -m - 16, 5*m = 5*y - 14 - 6. What is the tens digit of f(m)?
5
Suppose 5*d - 16841 = 4*q, 2*d + 2*d - 4*q - 13476 = 0. What is the tens digit of d?
6
Let b(o) = -1197*o - 57. What is the units digit of b(-1)?
0
Suppose 861 = s - 4*w - 243, -3*w - 3276 = -3*s. What is the thousands digit of s?
1
Let b(a) = -6*a**3 + a**2 + 7*a + 9. Suppose 0 = -22*d + 21*d - 3. What is the tens digit of b(d)?
5
Let a = 8 - 4. Suppose -a*f = 3*z - 109, -5*z = -f + 6*f - 175. What is the units digit of z?
1
Let j(s) = s**2 - 3*s - 1. Let p(d) = -d**2 - 7*d + 4. Let a be p(-7). Let w be j(a). Suppose 5*x - 14 - 28 = w*y, 20 = -5*y. What is the units digit of x?
6
Let k = -4581 + 6641. What is the thousands digit of k?
2
Suppose -12*m + 13110 = 7*m. What is the units digit of m?
0
What is the units digit of (16/28)/(3/18417)?
8
Let h be 2/(-3) + 0 - (-4)/(-3). What is the tens digit of 1 - 0 - (h - 41)?
4
Let t = 1739 - 952. What is the tens digit of t?
8
Let v(p) = -p**2 + 1. Let a(j) = -3*j**2 + j + 9. Let t(f) = -a(f) + v(f). What is the hundreds digit of t(9)?
1
Suppose 72 = 3*b - 0*b. Suppose -4*o + 24 = -b. Suppose -o - 8 = -j. What is the units digit of j?
0
Suppose 8*t - 6*t = -12. Let s(c) = c**3 + 4*c**2 + 3*c. Let a be s(-2). What is the units digit of (11 - t/2)/a?
7
Suppose -2*x - 584 = -4*d, 4*x = 2*d - 0*x - 298. What is the tens digit of d?
4
Suppose 114*z + 12925 = 125*z. What is the units digit of z?
5
Let o(g) be the second derivative of g**4/2 + g**3/3 + 5*g**2/2 - 5*g. What is the units digit of o(-4)?
3
What is the thousands digit of -1*(-3)/(-9)*-8313?
2
Let o be (-2)/11 + 1 + (-120)/(-55). Suppose -13 = 5*m - 38, -o*m + 605 = 5*z. What is the tens digit of z?
1
What is the tens digit of 1 + 2 + (-1332)/(-4)?
3
Let s be 0 - 4 - (-5 + -2). Let n = s - -67. What is the tens digit of n?
7
Let a be 2/(-2 + (-45)/(-20)). Suppose -635 = -a*l + 317. What is the tens digit of l?
1
Let u = -884 - -1537. What is the units digit of u?
3
Let f = -4604 - -8913. What is the thousands digit of f?
4
Let u = 6193 + -3229. What is the hundreds digit of u?
9
Let w = 7 - 0. Let h(p) = 3*p**2 - 5*p - 14. Let c be h(w). Let t = c - 57. What is the tens digit of t?
4
Let r be (4/(-6)*-47)/((-2)/15). Let o = 481 + r. What is the hundreds digit of o?
2
Let x = 168 + 376. What is the hundreds digit of x?
5
Suppose 13*z - 35119 - 21171 = 0. What is the units digit of z?
0
Let m = -13 - -21. Suppose 2*v = -3*f - f - 26, -5*f - 29 = -v. Let j = m + f. What is the units digit of j?
2
What is the thousands digit of 542*(7 + 35/(-7))?
1
Suppose 5*w - 2396 = 12659. What is the thousands digit of w?
3
Let g(p) = p**2 - 12*p + 38. What is the units digit of g(-11)?
1
Suppose -2*j + 7 = z, -4*z = -1 - 11. Let w(o) = 5 + 0*o**2 - 4*o - o**j + 3*o - 7*o. What is the tens digit of w(-5)?
2
Suppose 0 = -2*r - 2*r. Suppose 0 = -p, r*q - 4*q + 2*p = 0. Suppose -t + q*t + 9 = 0. What is the units d